is the greatest common divisor of m and 120?
24
Suppose 4*w - 341 = 5*c + 50, 2*w = 5*c + 183. Calculate the greatest common divisor of 26 and w.
26
Let l(x) be the first derivative of -7/3*x**3 + 1/4*x**4 + 8*x - 1/2*x**2 + 1. Let j be l(7). What is the greatest common factor of 5 and j?
1
Let h be (-2)/((-6)/(-9)*-1). Suppose -2*w = -h*l - 3, -5*w + 19 = 2*l - 17. What is the greatest common factor of w and 66?
6
Let u be 10/3*(-24)/(-16). Suppose 3*y - 5*i - 530 = 0, u*y - 4*i = -i + 894. Let c = -14 + 34. What is the greatest common divisor of c and y?
20
Suppose -5*w + 5 = 0, 0*w - 7 = b - 3*w. Let x be 2598/10 + b/(-20). Let f be (-1)/(-3) + x/12. Calculate the greatest common factor of f and 55.
11
Let f be (-5)/(20/12)*-1. Calculate the greatest common factor of f and 3.
3
Let u be -2 + (-7 - -4) + 29. What is the highest common factor of 192 and u?
24
Suppose -221 = -z - 45. Calculate the highest common factor of z and 16.
16
Suppose -2*m - 20 = -4*q, 2*q - q + 4*m = -4. Let z = 8 - q. Let c = 15 - z. What is the highest common divisor of 55 and c?
11
Suppose -12*j - 8 = -13*j. Calculate the highest common divisor of j and 16.
8
Let f be (24/10)/((-3)/10). Let w(s) = -6*s + 1. Let z be w(f). Suppose -2*a + z = -53. Calculate the highest common factor of 34 and a.
17
Let z be (72/(-20))/((-21)/70). What is the greatest common factor of 8 and z?
4
Suppose -5*o + 11 = -4*o. Calculate the highest common factor of 44 and o.
11
Let w be 18/(-12)*(-58)/3. Suppose -2*m - 360 = -4*b + 104, -580 = -5*b + 5*m. Calculate the greatest common factor of b and w.
29
Let n(a) = -1 + 0*a - a + a**2 - 37*a**3 - 149*a**3. Let x be n(-1). What is the greatest common divisor of x and 17?
17
Let p(j) = j**2 + 5*j**2 - 1 - 3*j**2. Suppose s = -0*s + 2. Let g be p(s). Calculate the highest common factor of g and 11.
11
Suppose -3*z + 8 = -2*t, 4*t + 3*z + 2 = -14. Let y be (-5)/(-20) + (-31)/t. Suppose 12 = 4*f - 3*f. What is the greatest common divisor of f and y?
4
Let o(s) = -s. Let z = 11 - 16. Let v be o(z). Let h(d) = d**3 - 5*d**2 + 8*d - 5. Let n be h(v). Calculate the highest common factor of 5 and n.
5
Let q be -20*(78/(-15) - -4). What is the highest common factor of 3 and q?
3
Suppose 0 = -t - 0*t + 4. Let v = 15 + -9. Suppose -v = -i + 2. Calculate the highest common divisor of i and t.
4
Suppose 40*u - 42*u = -320. Calculate the greatest common divisor of u and 20.
20
Let o(h) = -h**3 - 11*h**2 - 15*h - 12. Let l be o(-10). Let r = 116 - 59. What is the highest common divisor of l and r?
19
Let f = 25 + -14. Suppose -n + 32 = -34. Calculate the greatest common factor of n and f.
11
Suppose -36 = -3*u - 15. What is the greatest common factor of 112 and u?
7
Suppose -5*o = w - 28, 2*w - 9 = -4*o + 17. Suppose 4*v - w*v - 3 = 0. Calculate the greatest common factor of 21 and v.
3
Let s(f) be the second derivative of -f**5/20 + 5*f**4/12 + 7*f**3/6 + 2*f. Let h be s(6). Let m be h/1*4/6. What is the highest common divisor of 36 and m?
4
Let g be (-385)/(-33) + (-1)/(-3). What is the greatest common divisor of 132 and g?
12
Let u(r) = -2*r**3 + r**2 - 4*r - 3. Let x be u(-2). Let c = 60 + x. Calculate the greatest common factor of c and 34.
17
Let y(z) = z**2 - 4*z - 15. Let r be y(7). Calculate the highest common divisor of r and 9.
3
Suppose l = 3*x + 11, -2*l + 5*x = -10 - 9. Let b be 0 + 6*l*4. Calculate the greatest common divisor of 6 and b.
6
Suppose r = 2*n - 6, 5*r + 0*r = -n + 14. What is the highest common divisor of r and 5?
1
Let s(v) = -v**3 + 15*v**2 + 4*v - 30. Let f be s(15). Calculate the greatest common factor of f and 120.
30
Suppose -3*x + 43 = 13. Let c(t) = t**2 + 2*t + 3. Let y be c(-6). Suppose 3*h - 4*j - x = 14, 3*h = 5*j + y. Calculate the highest common factor of 4 and h.
4
Let h(p) = 2*p**3 - 3*p**2 - 3*p + 2. Let b be h(3). Calculate the highest common factor of b and 30.
10
Suppose 617 = 5*n + j, -4*n - 623 = -9*n - 4*j. Let l = -38 + n. What is the greatest common factor of l and 17?
17
Suppose 5*q - 3*j + 8 + 7 = 0, 3*q + 4*j + 38 = 0. Let g = q - -6. Suppose g = -5*a + 18 + 52. Calculate the greatest common factor of 2 and a.
2
Let u(r) = 4*r - 6. Let p be u(5). Let c = 304 + -269. Calculate the highest common factor of c and p.
7
Let r be (-5)/((-16)/21 + (-21)/(-49)). Calculate the highest common divisor of r and 135.
15
Let f(m) be the third derivative of 1/60*m**5 + 1/8*m**4 + 3/2*m**3 + 3*m**2 + 0 + 0*m. Let l be f(-9). What is the greatest common factor of l and 7?
7
Let x = 107 - 32. What is the highest common factor of 15 and x?
15
Suppose -5*g + 45 = -5*k, g + 11 + 4 = -5*k. Let q be (-1 + 6)/((-1)/k). Calculate the greatest common factor of 180 and q.
20
Suppose 66 = 5*d - 2*h, 0 = d - h + 4*h - 20. Let z be -2 + (-5 + 2/2 - -27). What is the highest common divisor of z and d?
7
Let j(o) = o**3 + 7*o**2 - 10*o - 6. Let q be j(-8). Suppose -5*z + 0*k + q = -k, 0 = -4*k - 20. What is the greatest common divisor of z and 5?
1
Let j be (-1)/((-2)/(-14)*-1). Let o = -27 + 30. Suppose o*v - 55 = -j. Calculate the greatest common divisor of v and 2.
2
Let n be 1*7 + (3 - 5). Suppose -m - n = -17. Let f = 22 - m. Calculate the highest common factor of f and 30.
10
Suppose 165 = -0*g + 5*g. Calculate the greatest common factor of 11 and g.
11
Let w(n) = 2*n**2 - 6*n + 10. Let p be w(2). Let a = 72 + -18. Calculate the greatest common divisor of p and a.
6
Let a(v) = -9*v - 1. Let u be a(-4). Suppose 0*t - 56 = 4*d - t, 0 = 4*d + 3*t + 56. Let o = d + 21. What is the highest common factor of o and u?
7
Suppose 2*q = 3*c - 0*q - 68, 2*c - 36 = -q. What is the highest common divisor of c and 8?
4
Let f(b) be the first derivative of -b**2/2 + 2*b - 3. Let h be f(-2). Suppose h*x = 2 + 46. Calculate the highest common factor of 6 and x.
6
Let b be (-7)/(1*(-4 - -3)). What is the highest common factor of b and 1?
1
Suppose 2*x - 13 = x - 3*z, 12 = 4*x + 4*z. Let d = 4 + x. Suppose -d*s - 3*s + 120 = 0. What is the greatest common factor of 8 and s?
8
Let b(i) = i**2 + i + 4. Let s be b(-3). What is the highest common factor of 110 and s?
10
Suppose c - 23 = 2*l, 2*c + 4*l - 5*l - 31 = 0. Suppose 69 = 4*h + c. Calculate the greatest common divisor of 154 and h.
14
Suppose -b - 3*c = -47, 2*c - 39 = -b + c. What is the greatest common divisor of b and 7?
7
Let v(j) = -5*j + 1. Let g be v(-4). Let a be (4/6)/(1/g). What is the greatest common factor of 70 and a?
14
Let k(o) = 2*o**3 + 2*o**2 - 3*o + 5. Let p be k(4). Calculate the highest common factor of 51 and p.
51
Let a be 6/(-24) + (-114)/(-8). What is the highest common divisor of a and 14?
14
Let a = 175 - 119. Let h = 20 - 13. What is the highest common divisor of a and h?
7
Let q(h) = -h**3 + 11*h**2 - 12*h + 24. Let m be q(10). Calculate the highest common factor of 16 and m.
4
Suppose -5*q - 37 = -b, 2*b = -0*q + 2*q + 50. Let h(d) = d**3 - 4*d**2 - 4*d - 3. Let g be h(5). Calculate the highest common factor of g and b.
2
Let i = 27 + -5. Calculate the highest common divisor of 2 and i.
2
Let m be 3 + 2*(-2 - 0). Let k be 8/24*(m - -52). What is the highest common divisor of k and 17?
17
Suppose -12 = 3*w - 6*w, -4*l - 2*w + 120 = 0. Calculate the highest common divisor of 252 and l.
28
Suppose 0 = 2*i - 0*i - 34. What is the highest common factor of i and 68?
17
Let c = 20 + 2. Calculate the greatest common divisor of c and 22.
22
Suppose 5*a - 1180 = 5*v - 4140, a + 1187 = 2*v. Suppose 8*m = 3*m - v. Let b = -84 - m. What is the greatest common divisor of 7 and b?
7
Let t(l) = -3*l - 7. Let i be t(-3). Suppose b - i*b = -4. What is the highest common divisor of b and 28?
4
Suppose 0*u = -2*u + 18. Let x be 34 + 1*(0 - -2). What is the greatest common divisor of x and u?
9
Suppose 2*i - 5*b = 7 + 18, -4*i = -b - 23. Calculate the greatest common factor of i and 5.
5
Suppose 1 + 10 = 4*p - h, -p = -5*h - 17. Suppose -v + 4*j - 25 = -2*v, -46 = -p*v - 4*j. What is the highest common factor of 14 and v?
7
Let a be 1536/28 + (-3)/(-21). Calculate the highest common factor of a and 5.
5
Let a = 7 + 1. What is the highest common factor of 8 and a?
8
Suppose 205 = 4*h + h. Let t = h + -29. Calculate the greatest common factor of t and 4.
4
Suppose 4 = -l + 3*l. Su